56 - 4*u**2 - 34*u + 5*u**2 + u**2 + 12*u. Determine l(-6).
2
Let f be 290/(-1595) - (-2 - 13/11). Let z(j) be the first derivative of 2*j**f + 1/2*j**2 + 1/4*j**4 + 3*j - 14. Calculate z(-6).
-3
Let s = -554 - -563. Let c = -4 - -13. Let d(p) = 2 - 13 + 4 - c*p + p**2 - 2. Determine d(s).
-9
Let s(v) = -v**2 - 3*v + 19. Let d be s(-8). Let f be ((-140)/21 + 3)*-3*2. Let z = f + d. Let k(j) = 3*j**3. Calculate k(z).
3
Suppose 0 = -19*k + 18*k. Suppose k = -r - u - u, -3*u + 4 = r. Let x(d) = -2*d - 12. Determine x(r).
4
Let p(n) = 0*n**2 + 17 + 2*n**2 - 8 - 11 - n. Let m(s) = s**3 + 7*s**2 + 7*s + 4. Let q be m(-6). Calculate p(q).
8
Suppose -52*m = -4*o - 48*m - 4, -5*m + 5 = -2*o. Let j(h) be the first derivative of 3/2*h**4 + 0*h**3 + 1/2*h**2 + o*h + 3. What is j(1)?
7
Let n(x) = -x - 26. Let v = -11440 - -11409. Give n(v).
5
Let p(j) = -8*j + 21. Let x(u) = 42*u - 103. Let g(c) = 16*p(c) + 3*x(c). Determine g(15).
-3
Let s(u) = -3*u - 9. Let x(z) = -184*z + 1098. Let b be x(6). Determine s(b).
9
Let d = -8 + 4. Let q(k) = -58*k**2 - 21 + 0 + 22 + 61*k**2 + 5*k. Determine q(d).
29
Let s(k) = 0*k - k - 5*k**3 - k**3 - 2*k**3. Let q(a) = -31 + 34*a - 21*a - 18*a. Let u be q(-6). Determine s(u).
9
Let x(p) = -11*p**3 + 63*p**2 - 11*p - 15. Let y(n) = -9*n**3 + 34*n**2 - 6*n - 8. Let q(h) = -6*x(h) + 11*y(h). What is q(1)?
-35
Let d = 291 - 303. Let f(v) = 2*v - 17. What is f(d)?
-41
Suppose 0 = -i + 5*t + 22, 2*i = -3*t + 1 + 30. Let h be ((68/6)/i)/(2/(-6)). Let x(d) = 2*d**3 + 4*d**2 + 4*d + 5. Give x(h).
-3
Let x = 354 + -401. Let h = 53 + x. Let g(t) = -t**3 + 5*t**2 + 8*t. Calculate g(h).
12
Let m = 11 - 6. Let v(b) = 1683 + b + 1882 - 3571. Give v(m).
-1
Let x be 25/((-4750)/3116) - ((-14)/10 - -2). Let n(m) = 39*m + 658. Give n(x).
-5
Let d(r) = 2*r**3 + 5*r**2 - 30*r - 99. Let a be d(-3). Let w(n) = n**3 + 18*n**2 - n - 22. Give w(a).
-4
Let d = 307 + -304. Let r(p) = -10 - p**d - 211*p**2 - p + 417*p**2 - 214*p**2. Calculate r(-8).
-2
Let p(l) be the first derivative of -l**4/4 + 2*l**3 - 7*l**2/2 - 2*l - 181. Suppose i - 98 = -4*j, 8 + 13 = j + 2*i. Suppose -4*f = 5 - j. What is p(f)?
-12
Let l(n) = 0*n**3 + 56*n**2 - 1 + n**3 - 62*n**2 - 6*n + 3 - 10. Suppose o + 4 + 4 = 0. Let p = -1 - o. Give l(p).
-1
Let m(b) be the third derivative of 7*b**6/120 - b**5/60 + b**4/8 - b**3/2 - 2*b**2 + 560*b - 4. Calculate m(1).
6
Let n(m) = -5*m - 2 - m**3 + 2*m + 7*m**2 + 0*m. Suppose -8*r + 32 = 8. Suppose -h - r*h = -24. What is n(h)?
16
Let b(r) = 2*r**2 + 3*r - 402. Let v be b(-15). Let d(p) be the third derivative of 0 - 5/6*p**v - 18*p**2 - 1/60*p**5 - 7/24*p**4 + 0*p. What is d(-4)?
7
Let v(d) be the first derivative of -202 - 2/3*d**3 - d + 1/2*d**2. Let w(m) = 3*m - 1. Let a be w(1). Determine v(a).
-7
Let d be (-3)/(-33*(-17)/748). Let y(m) = m**2 + 2*m - 8. Determine y(d).
0
Suppose 3*o = -6*o - 513. Let z be (-1)/(6/(-4))*o/19. Let p(i) = 2*i**2 + 2*i - i - 2*i. Give p(z).
10
Let u(o) be the first derivative of -o**4/4 - 4*o**3/3 + o**2/2 - 3*o + 60. Determine u(-4).
-7
Let u(y) = y**3 - 4*y**2 - 24*y + 75. Let a(z) = -z**3 + 12*z**2 + 103*z - 1248. Let b be a(11). Determine u(b).
3
Let w(d) = 6*d**3 - 6*d + 9 - 305016*d**2 - 5*d**3 + 305026*d**2. Calculate w(-11).
-46
Let w(v) = -3*v**3 - 67*v**2 - 88*v + 186. Let r(p) = p**3 + 22*p**2 + 30*p - 62. Let b(j) = 11*r(j) + 4*w(j). What is b(-25)?
-13
Let v(n) = -4*n - 169. Let o(u) = 82. Let q(a) = -3*o(a) - v(a). Give q(27).
31
Let t(q) = q**2 - 5*q + 7. Suppose -59 = -2*j + 39. Let w = j + -54. Let i(o) = o + 11. Let x be i(w). What is t(x)?
13
Let g(p) be the second derivative of -p**3/6 + p**2 + 26*p + 3. What is g(6)?
-4
Let m(t) = t**2 - 7*t + 9. Let d be m(6). Let k(w) be the second derivative of -w**5/20 + 5*w**4/12 - 5*w**3/6 + 2*w**2 - 97*w - 5. What is k(d)?
7
Suppose 71*s - 76*s + 10 = 0. Suppose -k - s = 3*k + 2*m, 0 = -2*k - 2*m - 6. Let g(j) = -2*j**3 - 2*j**2 + 2*j + 2. What is g(k)?
-18
Let d(n) = n**3 + 11*n**2 - 25*n + 15. Suppose 59 = -5*f - l, -23*f - 5*l - 35 = -18*f. Calculate d(f).
2
Suppose 3*z + 5 = -10, 5 = 5*f - 2*z. Let h = 120 - 117. Let t(s) = -3*s**h - 2*s - 25*s**2 + s + 23*s**2. What is t(f)?
2
Let o(j) = -4. Suppose 0 = -3*p + 40 - 52. Let i(z) = -z + 4. Let w(v) = p*i(v) - 3*o(v). Determine w(4).
12
Let w(k) = -k - 27. Suppose 3*g + 9 = f - 57, -5*f - 30 = 3*g. Give w(g).
-7
Let q(u) = -u + 28. Suppose -52*j - 4*k = -50*j - 14, 2*j = 3*k + 14. Calculate q(j).
21
Let c(g) = 12*g**2 + 8 + 24*g**2 - 7*g**2 - 4*g**3 - 9*g. Let j be c(7). Let p(t) = -t**3 - 8*t**2 - 7*t + 8. Give p(j).
-22
Let s(h) = -9*h + 9. Let d be s(2). Let b = d - 1. Let o be (b/(-12))/(3/18 - 0). Let g(p) = -2*p**2 + 6*p + 6. Determine g(o).
-14
Let h = 3 + -8. Let r(g) = -g**2 - 8*g - 5. Let n(b) = 4*b**2 + 32*b + 20. Suppose 3*o + 25 = -2. Let m(t) = o*r(t) - 2*n(t). Calculate m(h).
-10
Let j(n) = n**2 - n - 14. Let l(h) = -11*h + 478. Let g be l(43). Give j(g).
6
Let p = -63 - -58. Let b(l) = l. Let y(q) = 2*q - 1. Let c(a) = p*b(a) + 2*y(a). Give c(9).
-11
Let d(m) = 6*m**2 - m + 1. Let s(y) = -53*y**2 + 10*y - 11. Let f(u) = 10*d(u) + s(u). Calculate f(-1).
6
Let l(m) = -9 + 0*m + 0 + 2*m. Suppose -c + 9 = 2*f, -6*c - 3*f = -4*c - 18. Suppose -3*r + 45 = 5*n, c = -n - 0*n + 3*r. Calculate l(n).
3
Let q be (3/((-21)/(-140)))/(1/3). Let z be q/(-140) + (-18)/7 + 3. Let l(a) = a**3 + 3*a - 1. Give l(z).
-1
Suppose 4*m = -2*r + 12, -6 = -3*r + 230*m - 233*m. Let t(g) = 5*g**2 - 2. Give t(r).
18
Let h(p) = -6*p + 277. Let l be h(40). Let g(r) = -r**3 + 38*r**2 - 32*r - 180. Calculate g(l).
5
Let i be (-60)/(-20) - 0/(-2). Let h be (-18)/(-4)*4/i. Let r(l) = -2*l - 3. Give r(h).
-15
Let z(y) = 4*y + 0*y**2 - 8 - 2 + y**2. Suppose 24*v - 28*v + 22 = -2*n, -v = n + 5. Determine z(n).
11
Let u(z) = 5*z**2 + 8*z + 2. Suppose 1 + 4 = 5*n. Let q(a) = -a**2 - a - 1. Let y(o) = n*u(o) + 4*q(o). Suppose -51*j + 53*j + 8 = 0. Give y(j).
-2
Let m(k) = -k**3 + 10*k**2 - 10*k - 5. Let q be m(9). Let b be (-102)/14 + 1 - 4/q. Let c(x) = -x + 2. What is c(b)?
8
Let p(u) = -2 + 9*u - 13*u + 4 + u**2 - 12 + 7*u. Determine p(-8).
30
Let r(p) = -24 - 6*p - 49 + 60. Calculate r(4).
-37
Let t(h) = -7*h + 58. Let c be t(9). Let w be (-1 - (-48)/(-20)) + (-2)/c. Let g(r) = -r**3 - 4*r**2 - r + 2. Give g(w).
-4
Let v(u) = -5*u**2 - 3*u - 2. Let d = 265 + -260. Suppose -2*x = -6*n + d*n - 9, -n = -3*x + 13. Determine v(n).
-4
Let l(j) be the first derivative of -j**2 + 3*j - 78. Let i = -527 - -521. Calculate l(i).
15
Let g(j) = -j**2 + 8*j + 7458 - 14952 + 7499. Suppose -2*d - 7 = -3*q - 7*d, 0 = -q - 2*d + 1. Give g(q).
-4
Let s be 6 - 0 - (-2 - 0). Let y(r) = -2*r + 3. Let g(f) = 2 - 10 + 0 - 82*f**2 + 83*f**2 + 5*f. Let n(p) = s*y(p) + 3*g(p). Determine n(1).
2
Let j(y) = 7*y**2 + 15*y + 3. Let b(u) = 15*u**2 + 25*u + 5. Let m(n) = -3*b(n) + 5*j(n). Let x be 1 + 30/(-42) - (-9)/(-7). Determine m(x).
-10
Let g(f) = f**2 + 3*f - 2. Let c(u) = -u**3 - 9*u**2 - 12*u + 16. Let r be c(-7). Suppose 12 + 18 = 5*a. Suppose -r*z + a - 2 = 0. Calculate g(z).
8
Let v(t) = -t**3 + 16*t**2 + 14*t + 54. Let y = -84 - -101. What is v(y)?
3
Let x(s) = s + 15. Let h be (-1)/(2 - 8) - (-2)/(-12). Suppose 10*t = -h*t. Determine x(t).
15
Suppose -64*s + 9*s + 33 = -22*s. Let o(i) = 2 + 0*i - 4*i - 3*i. Determine o(s).
-5
Let b(a) be the third derivative of -a**6/40 - a**5/12 - a**4/6 + a**3/3 + 2*a**2 - 4828. Calculate b(-4).
130
Let t(f) be the second derivative of 14*f**3/3 - 32*f**2 + 40*f - 25. What is t(2)?
-8
Let s be (1 - 7)/(6/4). Let d(f) be the first derivative of -2*f - 7/2*f**2 - 1/3*f**3 - 49. Calculate d(s).
10
Let b(m) = m**3 - 23*m**2 + 20*m + 31. Let x be 4*(-12 - 105/(-6)). Give b(x).
-13
Let c = 1619 + -1631. Let u(n) = -4*n - 54. Give u(c).
-6
Let b(l) = -5*l**2 - 2*l + 30. Let h(o) = 20*o**2 + 9*o - 128. Let k(z) = -13*b(z) - 3*h(z). What is k(2)?
12
Let g be 2 + (72/(-96))/((-3)/8). Let j(w) = w**2 + w + 6. Let q be j(0). Let x(u) = -5 - 12*u - u**2 + q*u**2 - 2*u**2 - g*u**2. Determine x(-11).
6
Let n = -262 + 267. Let o(y) = -9*y + n + 8*y + 6*y - y + y. Suppose 5*q = 2*q - 12. What is o(q)?
-15
Suppose -245*i - 385 = 840. Let d(f) = -1 - 6*f**2 + 0 - 3*f**3 - 6*f + 2*f**3. What is d(i)?
4
Let y